st common factor of 10 and o.
10
Let q = 73 + -121. Let a(m) = m**3 + 35*m**2 + 30*m - 59. Let d be a(-34). Let g = d + q. What is the highest common factor of 87 and g?
29
Let d = -376 + 456. What is the greatest common factor of 176 and d?
16
Let p(g) = -5*g + 4. Let x be p(-13). Suppose 3*r = -4*v + 12, 5*v + 4 = v + r. Let n be (-161)/(-7) + (0 - v). Calculate the greatest common factor of x and n.
23
Suppose -12*d + 2731 = -473. Let f = d + -260. Calculate the greatest common factor of f and 49.
7
Let x be -3 - -8394 - (-96)/(-6). Calculate the highest common factor of x and 125.
125
Suppose 3*z = -p - 35 - 98, 3*p = 6. Let q = z + 90. Let u = q + -40. Calculate the greatest common factor of 55 and u.
5
Let d(c) = 14*c**2 - 8*c + 73. Let j be d(7). Let l = j + -287. Calculate the greatest common factor of 32 and l.
32
Suppose 5*j - 69 = -3*w, -4*w - 309 = j - 333. Calculate the greatest common divisor of j and 588.
12
Let c = 1815 - 1731. What is the greatest common factor of 448 and c?
28
Let g = 1436 - 1232. Calculate the greatest common factor of g and 1156.
68
Let t = 144 + -148. Let h(z) = -5*z + 16. Let q be h(t). What is the highest common factor of q and 9?
9
Let u(y) = y**2 + 1. Let g(c) = -c**3 - c**2 + 3*c - 5. Let a(i) = g(i) + 5*u(i). Let r be a(-3). Calculate the highest common divisor of r and 30.
6
Let w = 26 + -42. Let l be 8/6*(-24)/w. Suppose 0 = -4*s + l*p + 24, -4*s + 6*s = -4*p + 12. Calculate the highest common divisor of s and 6.
6
Suppose 0 = -3*p - 16*n + 15*n + 5644, 5*p - 9409 = -4*n. Calculate the greatest common factor of 99 and p.
99
Let t = 103 - 7. Let m = 281 + -174. Let c = m - t. Calculate the greatest common factor of 11 and c.
11
Let c = -60 - -64. Suppose s = l + l - 16, -3*s - 36 = -c*l. Suppose l = 3*x - 2*x. Calculate the greatest common factor of x and 12.
6
Let b be 2*(-1 + -4)*(-13)/(-26). Let k be 3718/132 + ((-5)/(-6))/b. Suppose 3*s - 35 = -2*s. Calculate the greatest common factor of s and k.
7
Let j(k) = -k**2 - 8*k + 100. Let v be (3 - 3)/((4 + -3)*-3). Let y be j(v). Calculate the greatest common factor of y and 140.
20
Let d(m) = -89*m - 5268. Let r be d(-187). Calculate the highest common factor of r and 546.
91
Let g(q) = 23*q + 2070. Let n be g(-82). What is the greatest common divisor of 136 and n?
8
Let a(d) = -d**3 + 6*d**2 + 5*d + 6. Let y be a(5). Let u be 120/(-12 + 22) + 12/(2 + 1). Calculate the greatest common divisor of u and y.
8
Let p be 586/8 - (-10)/(-37 + -3). Suppose -d + p = -169. Calculate the greatest common factor of d and 22.
22
Let q = 212 - 55. Let b = q - 125. Calculate the greatest common divisor of 112 and b.
16
Suppose 21*o - 19785 = -18651. What is the greatest common divisor of 16875 and o?
27
Let i(t) = 2*t**2 - t + t**3 - 2*t**2 + 24 - 10*t**2. Let a = 5345 - 5335. Let v be i(a). What is the highest common factor of 70 and v?
14
Suppose -25026*j = -25015*j - 198. Calculate the greatest common divisor of 26 and j.
2
Let g(c) be the second derivative of -c**5/20 + 17*c**4/12 - 13*c**3/6 - 73*c**2/2 - 179*c. Let z be g(14). Calculate the greatest common factor of 9 and z.
9
Let u(o) = -340*o - 11094. Let b be u(-33). Let t = 43 + -16. Let f = t - 9. What is the highest common divisor of f and b?
18
Suppose -241 = w - 733. Let t be -15 + (-1 - 242)/(-9). What is the greatest common divisor of t and w?
12
Let s = -183 - -359. Let p = -753 - -863. Calculate the highest common factor of s and p.
22
Let k = 535 - 521. Suppose 852 = k*u - 282. What is the greatest common divisor of u and 36?
9
Let k(i) = -i**2 - 22*i - 20. Let x be k(-21). Suppose -q + x - 16 = 0. Let s be 1 + q/5 - -16. What is the greatest common divisor of 42 and s?
14
Let y(o) = 2*o**2 - 92*o + 226. Let g be y(44). Suppose 0 = -r - 15*r + 10400. Calculate the greatest common divisor of r and g.
50
Let r(y) = 26*y**3 + 4*y**2 - 37*y + 84. Let z be r(3). What is the highest common factor of z and 36?
9
Let w = 27 - 35. Let r be ((-3)/2)/(2/w). Suppose 2*i = -11*h + 6*h + 53, 0 = 2*h + 5*i - 38. Calculate the greatest common factor of r and h.
3
Let p be (78/(-9) - -1)*-57. Let x(h) = h**3 + 48*h**2 + 200*h - 56. Let q be x(-5). What is the greatest common divisor of q and p?
19
Let n be -8 - (-25 - 78)*(0 + 1). What is the highest common divisor of n and 45?
5
Let d(i) = 4*i - 43. Let k be d(8). Let r(g) = -2*g - 23. Let b be r(k). Let j be b/3 - (-96)/18. What is the greatest common divisor of 2 and j?
1
Suppose 6*a + 2237 = 11*a - 2*x, -2*a - 5*x = -918. Let y = a - 431. What is the greatest common factor of 774 and y?
18
Let l(x) = -2*x + 38. Let z = -28 - -28. Suppose z = 3*b - 5*b - 5*c + 21, -5*b + 3*c + 99 = 0. Let a be l(b). Calculate the greatest common factor of 8 and a.
2
Suppose 893*m - 38 = 874*m. Calculate the greatest common factor of 66 and m.
2
Let p be -3*(2 - 4/6). Let w be 126/4 - 2/p. Let c(k) = -2*k**3 - 36*k**2 - 102*k - 20. Let z be c(-3). Calculate the highest common factor of z and w.
16
Suppose -9*k - 1248 = -357. Let l = k + 199. What is the greatest common divisor of 125 and l?
25
Suppose -152 = -v + 107. Suppose 58*y - 8732 = -26*y + 25*y. Calculate the greatest common factor of v and y.
37
Let d(p) = 2*p**3 + 36*p**2 - 47*p + 9. Let j be d(-19). Suppose -15*h - 72 = -16*h. Calculate the greatest common factor of j and h.
36
Suppose 2*u + u - 5 = 4*g, -12 = -3*u - 3*g. Suppose u*a = 2*s - 16, -7*s + 3*s = -5*a - 28. What is the greatest common factor of 26 and s?
2
Let z(r) = -r**2 - 3*r - 5. Let u be z(-4). Let p be 3*-25 + (-5)/(15/u). Let g be (-1674)/(-8) + -3*(-6)/p. Calculate the highest common divisor of g and 19.
19
Let s be 32 + -1 + (-22)/2. Calculate the greatest common factor of s and 2155.
5
Let k = 6975 - 6859. Calculate the greatest common factor of 3132 and k.
116
Let g be 66111/45 - (-34)/(-255). What is the greatest common factor of 39 and g?
13
Let o be (22/(-4) + 2)*(-3 - -7). Let w be (-4)/(-6)*(-105)/o. Suppose 17 - 117 = -w*g. Calculate the highest common factor of g and 15.
5
Suppose -4*z + 12 = -4*d, -5*z - d + 0*d = -9. Let x(k) = 0*k + k**z + 3*k + 2 - 6 + 0*k. Let f be x(4). What is the highest common factor of 12 and f?
12
Let m(h) be the third derivative of h**5/60 + 2*h**4/3 - 7*h**3 - h**2 + 21. Let v be m(-22). What is the greatest common divisor of v and 126?
18
Suppose 0 = -3*l + 3*x + 129, -10*x + 4 = -12*x. What is the greatest common factor of l and 3?
1
Suppose -43*n + 277 + 142 = -97. Calculate the highest common factor of n and 69.
3
Suppose m - 169 = -k, 30*k = 25*k + m + 839. Calculate the greatest common divisor of k and 6216.
168
Let m = 3419 + -3365. Calculate the highest common divisor of 450 and m.
18
Let c be -4 - ((-6)/(-9))/(-2)*33. Suppose -1008 = -c*u - 11*u. Calculate the highest common factor of 42 and u.
14
Suppose -7*o = -t + 140, 4*t - 4*o + 292 = 804. Calculate the greatest common divisor of t and 486.
18
Let g = 3358 + -3174. Calculate the greatest common factor of 1150 and g.
46
Suppose 0 = -4*f + 5*a + 260 + 3, 3*f = 5*a + 191. Let u be 1/6 + (-38)/2280*-950. What is the greatest common factor of u and f?
8
Let c = -1469 - -1846. What is the greatest common divisor of 78 and c?
13
Let v(i) = i**3 - 57*i**2 - 223*i - 42. Let t be v(68). Calculate the greatest common factor of t and 126.
126
Let f be (-1 + -270 + 3)*1/(-2). Let q = 299 - f. Let x be ((-10)/8)/(10/(-120)). Calculate the highest common divisor of q and x.
15
Let x be (-6)/60 - (-30142)/20. Suppose -29*u + x = 492. What is the greatest common factor of 126 and u?
7
Suppose -4*r = -16, -2*r - 1 = -d - r. Suppose d*y - 138 = 712. Let v be (-9)/(-6 - 1209/(-221)). Calculate the greatest common factor of y and v.
17
Let f = 146 + -83. Let l = 4095 + -3969. What is the highest common divisor of l and f?
63
Let n(x) = -x**3 + 11*x**2 + 6*x + 11. Suppose -14*g - 10 = -15*g. Let y be n(g). What is the greatest common factor of y and 285?
57
Let j be (1 + (-4 - -5))/(14/(-105)*-5). Suppose 0 = -2*x + 3*v + 63, 0*v + 5*v + 25 = 0. What is the highest common divisor of j and x?
3
Let g be ((-1)/2)/((-12)/24) + -112. Let c = g + 123. What is the highest common divisor of c and 32?
4
Let i(r) = -24*r - 737. Let y be i(-31). Calculate the highest com